*i. Suppose -150 = -k*z - 54. Let c = z + 4. What is the remainder when c is divided by 10?
8
Let c = 45 - 31. Calculate the remainder when 25 is divided by c.
11
Let c be (3/2)/((-12)/176). Let w = c - -14. Let f = w + 11. Calculate the remainder when 4 is divided by f.
1
Let t(g) = 8*g**2 - g - 1. Suppose 5*h - 20 = -0*h. Suppose 0*z - h = 4*z. What is the remainder when t(z) is divided by 5?
3
Let f = -146 + 253. Suppose f = 4*t - 93. What is the remainder when t is divided by 17?
16
What is the remainder when (-2 - -12) + 0/(-1) is divided by 3?
1
Suppose -14 - 20 = -2*a. Calculate the remainder when 67 is divided by a.
16
Let q(h) = -2*h + 10. Let f be q(7). Let y = 8 + f. Suppose 36 = 3*m + 4*z - 5*z, 0 = -2*m + 5*z + 37. Calculate the remainder when m is divided by y.
3
What is the remainder when ((-32)/6 + 6)/(2/21) is divided by 3?
1
Suppose -4*z - 22 - 22 = 0. Calculate the remainder when (z/2 + 0)*-22 is divided by 31.
28
Let t(f) = f**2 - 7*f + 2. Let w be t(3). Calculate the remainder when 11 is divided by (5 + 1)/((-15)/w).
3
Calculate the remainder when (-4 + 3)*-55*(-1 + 2) is divided by 28.
27
Let g be ((-24)/(-9))/((-2)/(-27)). Suppose 3*a = q + 1, -3*q - a - 3*a = -g. Let k = 217 + -195. Calculate the remainder when k is divided by q.
6
Suppose f - 2*f + h = -7, 31 = 5*f - 3*h. Let s(v) = -v. Let k(i) = i**2 + 5*i + 4. Let u be k(-3). Calculate the remainder when f is divided by s(u).
1
Suppose g = -0*g + 2. Suppose 3*s + 2*s = 5, v - 2 = s. Suppose -z + g*y + 23 = -2*y, -z + v*y + 20 = 0. Calculate the remainder when 31 is divided by z.
9
Suppose 8*l - 7*l + 47 = 0. Let z = l + 92. Calculate the remainder when z is divided by (-4)/(-6) + (-34)/(-3).
9
Let w(r) = r + 14. Calculate the remainder when 15 is divided by w(-6).
7
Let j(z) = -z**3 - z**2 - 2*z + 19. Calculate the remainder when 37 is divided by j(0).
18
Let z(o) = o**2 + 3*o - 2. Let c be z(3). Suppose 9*g - c = 5*g. What is the remainder when 13 is divided by g?
1
Let f(q) = 12*q - 45. What is the remainder when f(7) is divided by 14?
11
Suppose 3*q - 8 = -i + 25, 0 = -4*i + 5*q + 98. Let p(j) = j**2 - 4*j + 5. Calculate the remainder when i is divided by p(5).
7
Suppose 0 = 2*g - 8 - 0. Suppose p - 4*l = 4*p - 13, -p + g*l + 31 = 0. Let s(m) = -m**3 + 7*m**2 - 4*m. Calculate the remainder when s(4) is divided by p.
10
Suppose -11 = -4*z - 3. Let y(n) = -6*n - 3. What is the remainder when (15/z)/(6/12) is divided by y(-2)?
6
Suppose -2*w + 4*b = -16, 0 = w + 2*w + 4*b + 16. Suppose 2*o - 4 = -w*o. What is the remainder when o is divided by 1?
0
Let x(g) = 12*g**3 - g**2 + 1. Let s(l) = -l + 6. Let k be s(5). Calculate the remainder when 23 is divided by x(k).
11
What is the remainder when 1 - 9*(-2 - -1) is divided by 4?
2
Let j = -14 + 37. Let f be (-567)/28 - (-1)/4. Let k = -12 - f. What is the remainder when j is divided by k?
7
Let j = 45 - 35. Suppose 0 = -0*r + r - 39. Calculate the remainder when r is divided by j.
9
Let t(h) be the first derivative of h**3/3 - h**2 + 1. Calculate the remainder when 43 is divided by t(-3).
13
Let t(u) = 4*u**2 + 4*u + 1. What is the remainder when t(-2) is divided by (-2)/(3/5 + -1)?
4
Let y(n) = n**2 + n - 7. Calculate the remainder when y(8) is divided by 34.
31
Suppose -3*w + 6*w = -3*k + 3, -4*w + 7 = 5*k. Suppose -60 = -3*j - 5*p, 0 = j - 2*p - k*p. Calculate the remainder when j is divided by 0 + 8 + 0 + -2.
3
Let p(w) = 21*w + 1. Let d = -2 + 17. What is the remainder when p(2) is divided by d?
13
What is the remainder when 41 is divided by (-57)/76 + (-59)/(-4)?
13
Let i(j) = 6*j + 13. What is the remainder when i(16) is divided by 16?
13
Suppose 0 = 3*f + 29 + 25. Let c = -11 - f. Suppose 0 = -5*y - 5*q - 5, -11 = 3*y + 5*q - 0. Calculate the remainder when c is divided by y.
1
Suppose 16*h - 22 = 15*h. Let j = -8 + 20. Calculate the remainder when h is divided by j.
10
Suppose 2*b - 23 - 47 = 0. Suppose -t + 14 + 15 = -3*w, 0 = 3*t + 3*w - 75. What is the remainder when t is divided by (-28)/b*70/(-4)?
12
Let j(l) = -l**2 + 6*l - 5. Let r be j(5). Suppose 48 = v + k, -v + 3*k - 2*k + 42 = r. What is the remainder when v is divided by 23?
22
Let a = 36 + -35. Calculate the remainder when 45/20 - (-2)/(-8) is divided by a.
0
Let t(q) be the first derivative of q**3/3 - 5*q**2/2 + 7*q + 3. Calculate the remainder when 81 is divided by t(7).
18
Suppose -2 + 71 = 3*l. What is the remainder when l is divided by 13?
10
Suppose 3 = 2*r - 1. Suppose f = -0*f + r. Suppose 74 = 4*c - f*c. What is the remainder when c is divided by 19?
18
Let n(u) = 13*u. Let f be n(1). Let b = f + -5. Let h = 8 - 3. Calculate the remainder when b is divided by h.
3
Let r(o) = o**3 - 13*o**2 - 10*o - 16. What is the remainder when 79 is divided by r(14)?
39
Suppose 5*o + 0*p - 5*p = 70, 5*o - 105 = -2*p. Suppose 3*i = 8 + o. What is the remainder when 16 is divided by i?
7
Let b be (-18)/8 + (-3)/(-12). Let w = -2 + b. Let x = w + 48. What is the remainder when x is divided by 15?
14
Suppose -5*u = 4*j - 625, j = 5*u - j - 655. Let r = -72 + u. Calculate the remainder when r is divided by 15.
12
Suppose -51*l - 95 = -56*l. What is the remainder when ((-4)/(-6))/(1/54) is divided by l?
17
Suppose 5*q + 42 = -3*n + 7*n, -10 = 5*q. Suppose -n*b = -6*b - 42. Let w = -6 + b. Calculate the remainder when 43 is divided by w.
13
Let h(d) = -d**2 - 6*d + 3. Let t be h(-7). Let j = 19 + t. Calculate the remainder when ((-3)/(-1) + 40)/1 is divided by j.
13
Let q = 23 + -8. Calculate the remainder when q is divided by 6.
3
Let t(n) = -n**3 - 13*n**2 - n - 2. Calculate the remainder when t(-13) is divided by 7.
4
Let n(f) = f**3 - 7*f**2 + 4*f - 4. Let r be n(7). Calculate the remainder when (r/(-15))/((-2)/95) is divided by 26.
24
Let h = 19 - 9. Suppose 4*m = 29 + 39. Calculate the remainder when m is divided by h.
7
Suppose -286 - 86 = -12*h. What is the remainder when h is divided by 16?
15
Suppose -n + 125 = -5*s, -n + 137 - 20 = -s. Calculate the remainder when n is divided by 29.
28
Let v(r) = 6*r - 25. Calculate the remainder when v(10) is divided by 9.
8
Let w(d) = 40*d + 2. Calculate the remainder when w(2) is divided by 17.
14
Suppose 0 = 8*a - 42 - 78. What is the remainder when 73 is divided by a?
13
Suppose -6*z - 10 = -11*z. What is the remainder when 560/72 - z/(-9) is divided by 3?
2
Calculate the remainder when ((-3)/2)/(5/(-180)) is divided by 29.
25
Let h(z) = -2*z + 2. Let u be h(4). Calculate the remainder when 49 is divided by (-106)/u + (-4)/6.
15
Suppose -4*t + 3*w = -0*w - 32, w + 24 = 3*t. Suppose 2 = -2*c + t. Suppose 0 = -c*i + 10 + 14. What is the remainder when 23 is divided by i?
7
Let j = 29 - 19. Suppose 3*r - 14 = -2*f, r = -2*f + f + 4. Calculate the remainder when j is divided by r.
4
Suppose -2*k + 34 = -2*z, 16 = 4*k - 2*z - 48. Let t = -2 + k. Calculate the remainder when 23 is divided by t.
10
Let z(o) = 3*o - 10. Suppose 0 = -r, 0*u + 5*r - 66 = -2*u. Calculate the remainder when u is divided by z(9).
16
Suppose 3*v - 17 - 37 = -3*q, 0 = 2*q + 4. Suppose 2*f - 3*f = -v. Let m(j) = -j**3 + j**2 + j + 58. Calculate the remainder when m(0) is divided by f.
18
Let y(s) = -s + 15. What is the remainder when 42 is divided by y(0)?
12
Suppose 0 = 4*y + 2*z + 92 - 262, 4*z + 56 = y. What is the remainder when y is divided by 6/33 + 163/11?
14
Suppose -b = 2*a - 46, -4*b - 5 = -3*a + 2*a. What is the remainder when 62 is divided by a?
20
Let k = 23 + -10. Calculate the remainder when 3 + (-2)/(-2) + 20 is divided by k.
11
Let r(y) = y + 1. Let d(g) = -g**2 + 5*g + 6. Let m be d(6). What is the remainder when 2 is divided by r(m)?
0
Suppose 2*a = -3*a + 220. Suppose q = -2*w - 0*q + 2, -5*w = -4*q - 31. Suppose -w*y = y - 92. Calculate the remainder when a is divided by y.
21
Let k(z) = -50*z. Let u be k(-1). Suppose m + u = 6*m. Let x = 24 - 6. Calculate the remainder when x is divided by m.
8
Let g = -33 + 22. Let h = 1 - g. What is the remainder when 47 is divided by h?
11
Let w = 6 - 5. What is the remainder when (w + -2 + 0)*-41 is divided by 14?
13
Suppose -9 - 11 = -5*y. Suppose 2*l = y*l - 6. Suppose 36 = s + l*s. What is the remainder when s is divided by 5?
4
Suppose 0 = 4*i - 3*w - 132, -i - 3*w + 11 = -